
-3 + (0 - -1) + 4 - 2
0
Evaluate 17 + -17 + -1 + -1.
-2
What is -1 - 5 - (5 + -5)?
-6
Evaluate -2 + (-5 - (-1 - -2 - 5)).
-3
What is the value of 2 - 0 - (12 + (-8 - 0))?
-2
-2 + (-3 - -5) + -1
-1
What is the value of 3 + -4 + 4 + -1 - -2?
4
What is 9 + -3 + (-32 - -33)?
7
Evaluate (-3 + 0 - -2) + -4.
-5
(-2 - 0) + 11 + -8 + -7
-6
Evaluate 0 + (-2 - (3 - 2)) + 5.
2
Evaluate -21 - -17 - (-16 - -4).
8
Evaluate 1 + -4 + 2 + (1 - -2).
2
What is (1 - 3) + -4 - (-3 - 1)?
-2
Calculate (1 - 2 - (-20 + 23)) + -3.
-7
What is the value of 0 + 1 - (-5 - (0 + -9))?
-3
(3 + -3 - -2) + 0 + -7
-5
What is the value of 3 + 2 - (2 - 1 - -1)?
3
-1 + 5 + -2 + 4 - 3
3
Evaluate -2 + (5 - 0) + -4.
-1
Evaluate 2 - 4 - (-1 + 4).
-5
What is -3 + 10 + -4 + 1?
4
What is -4 - (-50 - -48 - (-5 - 1))?
-8
What is the value of (20 - 5 - 22) + 3?
-4
Evaluate 7 - (3 + 9 + -7) - 11.
-9
Calculate 0 + 0 + (5 - 0).
5
What is the value of 1 - (1 + 2 - (-7 + 5))?
-4
Calculate -1 + (10 - 4 - 4).
1
What is the value of (0 + 2 - -7) + -3 + -2?
4
Calculate (0 - (-2 + 6)) + -1 - 0.
-5
What is 4 + -8 + 3 + -4?
-5
What is 4 + 3 + -4 + -7?
-4
What is the value of (-4 - 2) + 0 + 4?
-2
What is the value of 42 + -37 + (1 - (2 - 0))?
4
Calculate -4 + (-19 + 12 - -12).
1
Calculate 0 + 0 - (15 - (-20 + 36)).
1
Evaluate 8 + (2 + (-7 - -9) - 3).
9
-11 + (0 + 8 + -15 - -10)
-8
(-1 - -6) + (-1 + -6 - -8)
6
Evaluate (5 - 3 - 18) + (-14 - -21).
-9
Evaluate 6 + (-7 - 0 - 6).
-7
Calculate 15 + -7 - 2 - 5 - -7.
8
What is the value of 8 + (2 - 4 - 5)?
1
-16 - (-8 - -1) - -5
-4
What is the value of 1 + 0 - (-5 + -1 + 4)?
3
Evaluate -1 - -1 - (-5 - -2).
3
Evaluate 9 - (-1 + 11) - -2.
1
Calculate 2 + -3 - ((-5 - -2) + -3).
5
Calculate 1 + -5 + (4 - 4) + 3.
-1
What is the value of 2 - 2 - 3 - (-6 - -3)?
0
-3 - -1 - (-7 + 0)
5
Evaluate -2 + -2 + 3 + -1 + 0.
-2
-9 + (8 - (1 + -1))
-1
7 + -1 + 11 + -13
4
13 - (28 + -13) - 1
-3
5 + -11 - -5 - (-5 - 1)
5
Evaluate (0 - -6) + (3 - (4 + 1)).
4
Evaluate -1 + 7 + (27 - 30).
3
Calculate (-22 - -20) + (5 - -1).
4
Calculate (-1 - -15) + -8 + -11.
-5
Evaluate 3 + (-4 - (-1 - 0)) + 0.
0
Evaluate (2 - 14) + 0 - -6.
-6
Evaluate 2 + (1 - 1) + -3 - 1.
-2
Evaluate 9 + (-1 - 0) + 2.
10
Evaluate (-9 - -2) + 4 + 0 + 6.
3
What is (18 - 19) + (-4 - -1)?
-4
Calculate (3 - 2) + (-6 - -6) + 8.
9
(-1 - -7) + -4 + (-5 - 1)
-4
Calculate -17 - (4 + -9 + -10).
-2
Evaluate (-8 - (-3 + 1)) + -3 + 7.
-2
What is -1 + 2 + -29 + (-3 - -26)?
-5
Evaluate (5 - 10) + 5 + (1 - 2).
-1
Calculate (8 - 4) + 5 + -12 + -4.
-7
1 - 4 - (-2 - (12 + -8))
3
-4 + 4 + (-5 - -3)
-2
4 - 2 - 1 - (9 + -5)
-3
What is the value of 75 + -79 - (-1 + -12 - 0)?
9
What is -6 + 1 + (5 - 4)?
-4
Evaluate -2 + 0 - (11 + -14).
1
What is 4 + (-3 + 1 - 0)?
2
0 + 3 + 1 + 1
5
What is the value of 11 + -6 - (0 - -6)?
-1
Evaluate -23 + 21 - (0 + 0).
-2
Evaluate -2 + 2 - -8 - (-59 + 64).
3
Evaluate (220 - 218) + -1 + (-1 - -1).
1
What is 7 + -6 + -3 + (2 - 2)?
-2
Evaluate 3 - (6 - (-6 + 15)).
6
Calculate -1 + -7 + 22 + -6.
8
What is 3 + -1 + 0 - 2 - -1?
1
4 + -4 + 4 + -3
1
What is the value of (30 - 33) + (4 - 1)?
0
What is the value of -7 + 1 + 8 + -2 - -7?
7
5 - (7 - (1 + 6))
5
Evaluate (3 - 5 - -1) + 0 + 1.
0
Evaluate -5 - (5 - 4) - (0 + -3).
-3
Evaluate 10 - (8 + -10) - 6.
6
What is the value of 142 - 137 - (7 - 1)?
-1
Evaluate 0 + (-1 - 2 - -1).
-2
(-1 - 1) + 9 + -14 + 15
8
4 - ((-9 - -8) + -2 + 1)
6
Calculate 0 + 5 + -6 + -1.
-2
What is the value of -5 + (3 - -7) + 0?
5
Evaluate 2 + (-8 - -3) + 2 + -2.
-3
What is (-232 - -230) + 0 + -7 + 0?
-9
1 - (8 - (15 - 2))
6
Calculate -5 - (8 - 23 - -8).
2
Calculate 0 - (10 + (9 - 18)).
-1
-2 - (5 + (-8 - -4) + 1)
-4
What is (1 - 1) + (11 - 3 - 9)?
-1
Evaluate -3 - (-6 + 6 - 2).
-1
What is -6 + 7 + -8 + 1?
-6
What is the value of 3 + -6 - (-4 + 0) - -4?
5
-7 + 11 - (2 - -1)
1
What is 4 + (-11 - -3) - (0 - -1)?
-5
What is -2 - -4 - -4 - (1 - 0)?
5
Calculate (0 - -8) + (-38 - -24).
-6
3 + -2 + (15 + -12 - 7)
-3
Calculate 19 - 7 - 9 - 10.
-7
Evaluate 0 + (-7 + 1 - -4 - -1).
-1
What is the value of 2 + (8 - 2) + -4?
4
Evaluate 33 + -25 + -11 + -1.
-4
Evaluate (-10 - -3 - -3 - -6) + -7.
-5
What is the value of -50 + 60 - (-1 + 7)?
4
Evaluate -4 + -4 + 3 - -16.
11
Calculate -1 + 6 - (32 + -23).
-4
What is the value of -3 + (-2 - -1) - -9?
5
What is the value of (3 - 14 - -18) + -5?
2
What is (-7 - -10) + -4 + -2?
-3
Calculate 1 - (4 + -1 + 2) - -3.
-1
-10 - (-2 + (-9 - -1))
0
Calculate -1 + (-5 - (-4 - (-3 + 2))).
-3
What is 2 - (7 - 3) - 0?
-2
Calculate -1 - -2 - (23 + 15 + -35).
-2
What is (5 - 1) + (-11 + 3 - 1)?
-5
Calculate 11 + (5 - (0 - -13)) - -5.
8
Evaluate 17 + -24 + (7 - 2).
-2
Evaluate -1 + (-1 + (-2 - -1) - -4).
1
What is the value of -4 - (2 + (1 - 4) + -8)?
5
3 - (5 - (0 - -2 - -1))
1
3 - -1 - (-1 + 3 + 5)
-3
Calculate 1 - (0 - -1) - (-37 + 39).
-2
-2 - (1 - -1) - 0
-4
Calculate (-8 - -12) + (-2 - -5).
7
Evaluate 2 + -8 + 4 + 5.
3
28 + -33 - (0 - 5)
0
(6 - (-3 + 4)) + 7 + -15
-3
Evaluate -1 + 2 + (-11 - -6) + 3.
-1
Calculate (-9 - (5 - 5)) + 0.
-9
Evaluate 3 + (2 - (9 + -3 - -1)).
-2
Evaluate -1 - (3 - (3 + 2) - -1).
0
What is (3 - 3) + (4 - 5) - 2?
-3
0 - (0 - (-2 - (-3 + -3)))
4
Evaluate 1 + -2 + 5 + -4 - 4.
-4
Calculate (-6 - 7) + 20 - (1 + 0).
6
Evaluate -241 + 239 + (5 - (0 + -1)).
4
What is the value of -1 - 2 - (-4 + 7 + -1)?
-5
What is the value of -2 + 7 + (4 - 4)?
5
Calculate -2 + -2 + 0 + 1.
-3
Calculate -4 - -1 - -4 - -3.
4
Evaluate 3 - (-1 - (-4 - -2)) - -2.
4
Evaluate 2 + 4 - (23 - 14).
-3
What is -6 - (3 - (-6 + 6) - 4)?
-5
Calculate -20 - -16 - (0 - 1).
-3
What is the value of 1 - (-5 + 16) - -5?
-5
Evaluate -5 + 6 - 1 - -2.
2
Calculate 7 - (2 - (-11 + 3 + 0)).
-3
What is the value of 5 + (2 - (10 + -2))?
-1
1 - 4 - (3 - 11)
5
Evaluate -13 + (8 - -2) - 2.
-5
-5 + 1 + (-2 - -2) + 4
0
Evaluate -6 + (-11 - (-10 - -1)).
-8
What is the value of -3 + (-3 - (-13 - -3)) + -3?
1
What is the value of 5 - -1 - (12 - 11)?
5
Calculate -7 + -1 + 2 + 11 + -6.
-1
Evaluate (2 - 8) + (-12 - -14) + 1.
-3
What is -13 - -5 - (-2 - 4) - -5?
3
Evaluate (-3 - 9) + -1 - -5.
-8
Evaluate 5 + (-13 - 1) + 5.
-4
What is the value of 2 - -1 - (10 - 6) - -1?
0
1 + -4 - (-3 + 10 + -4)
-6
What is (1 - -3 - 6) + 1?
-1
What is the value of -4 + -4 + 6 + 6 + -1?
3
Evaluate -2 + (-4 - (-5 - 0 - 4)).
3
What is 1 - 2 - (2 + (5 - 5))?
-3
What is 0 - -1 - (-6 - -3)?
4
What is -9 - (7 + (-2 - 6))?
-8
Calculate (-2 + 6 - (5 - 1)) + -1.
-1
What is the value of (0 - -3) + (0 - (-5 + 5))?
3
What is the value of 8 + 0 + -14 + (2 - 0)?
-4
What is (2 - 3 - (0 + -1)) + -3?
-3
Evaluate -4 - (0 + -1 + 2).
-5
Calculate -2 + 3 + (1 + -1 - 0).
1
What is 3 + (-3 - -2 - -1)?
3
What is 1 - (1 + 1) - (-6 - -5)?
0
What is the value of -5 + (1 - 0 - -7)?
3
Evaluate -7 + 0 + (-4 - (-1 - 6)).
-4
What is 2 + -1 + 1 + (6 - 4)?
4
What is the value of 4 + (-3 - (-2 + 1))?
2
-5 - (-5 - (-6 + 1))
-5
What is the value of 6 - (-4 - (-5 - (9 - 5)))?
1
What is the value of 4 + 0 + 3 - (1 + 0)?
6
Calculate 147 + -156 - (-17 + 0).
8
Calculate -1 + (3 - 1) + 10 + -8.
3
What is (-1 + 1 + 2 - -2) + -7?
-3
What is the value of 21 + -12 - (12 - 6)?
3
Calculate 1 + -2 + 9 - 7.
1
Calculate -9 + -1 + 5 - -3 - -7.
5
What is 7 + 0 - 2 - (4 - 0)?
1
What is ((9 - 1) + 1 - 1) + -4?
4
Evaluate (-1 - -7 - 11) + 10.
5
Calculate 3 - (4 + -2 - 1).
2
What is the value of 3 + 3 - (7 + -4)?
3
What is the value of (13 - (16 - -4)) + (1 - -3)?
-3
What is the value of 4 - (-4 + 7) - -2?
3
What is the value of (-37 - -35) + (5 - 2 - 2)?
-1
What is 4 + (-9 - -5) + -3?
-3
Evaluate (-2 - 3) + -6 + (11 - 2).
-2
Evaluate 4 + (-5 - -2) + -15 + 13.
-1
0 + 8 + (-36 - -40) - 6
6
What is -12 + 13 + 0 + -6 + -3?
-8
13 - 15 - (-3 - 1)
2
(3 + 4 - 3) + (4 - 4)
4
What is the value of (5 - (1 + -2 - -11)) + -3?
-8
7 - (-7 - (0 + -16))
-2
Calculate 1 + -2 - 10 - -6.
-5
What is (11 - 6) + (-1 + 0 - 1)?
3
Evaluate 11 + -12 - (-1 - (-3 - -6)).
3
Calculate -4 + (-4 - -11) + -9.
-6
Calculate 47 + -50 - (-1 + 1 - 2).
-1
What is the value of 3 + -13 + 5 + 5 + 0?
0
What is the value of -1 + (4 - (8 + -4))?
-1
Calculate (-4 + 4 - -4) + -2.
2
Calculate -4 + 6 - (49 - 51).
4
What is the value of (7 - 3) + 25 + -21?
8
Calculate -8 + -3 + (5 - -1).
-5
What is the value of -8 + (4 - (1 - 6))?
1